 795. Determine p(10).
415
Let n(t) = -67*t**2 + 10*t - 15. Determine n(6).
-2367
Let q(m) = -113*m**2 + 14571*m + 434. Calculate q(129).
-340
Let h(a) = a**3 - 4*a**2 + 47661*a - 285919. Give h(6).
119
Let y(u) = 2*u**3 + 213*u**2 - 100*u + 283. What is y(-107)?
-466
Let q(a) = -2*a**3 + 260*a**2 + 3270*a - 10668. Give q(-14).
0
Let h(n) = 6*n**2 + 246*n + 14. Calculate h(-42).
266
Let z(l) = -186540*l - 186544. What is z(-1)?
-4
Let o(g) = 16*g**2 + 3010*g + 5946. Calculate o(-2).
-10
Let w(x) = -43*x**2 + 391*x + 1332. Determine w(-3).
-228
Let n(g) = -43*g**3 + 215*g**2 + 246*g + 32. Calculate n(-1).
44
Let u(x) = -165*x**2 + 1846*x - 4. Calculate u(11).
337
Let q(n) = -n**3 + 775*n**2 - 10679*n + 19040. Calculate q(761).
15
Let d(z) = 4222*z + 69267. Calculate d(-17).
-2507
Let b(o) = o**3 + 980*o**2 + 15415*o - 145. Give b(-16).
-1
Let p(q) = 3*q**3 + 262*q**2 + 97*q + 851. Determine p(-87).
-19
Let s(a) = -a**2 - 2358*a + 54781. Calculate s(23).
18
Let h(w) = 842*w - 333952. Calculate h(397).
322
Let k(n) = 4065*n - 609748. Calculate k(150).
2
Let w(m) = -m**2 - 49518*m - 148548. Give w(-3).
-3
Let x(c) = c**3 + 17*c**2 - 209*c + 5324. Calculate x(-30).
-106
Let z(v) = -v**3 - 15*v**2 - 355*v - 6099. What is z(-18)?
1263
Let w(q) = -132*q + 968. Give w(5).
308
Let z(u) = 24*u**2 + 8212*u + 1383. What is z(-342)?
15
Let s(x) = -1112*x - 46612. What is s(-46)?
4540
Let r(j) = -j**3 + 15*j**2 + 1842*j - 366. Calculate r(51).
-60
Let l(n) = -17*n + 13. Give l(4).
-55
Let v(m) = -473*m - 1300. Calculate v(-5).
1065
Let g(h) = -9599*h - 643169. Give g(-67).
-36
Let v(o) = -7*o**3 - 260*o**2 - 85*o - 221. Give v(-37).
1555
Let d(q) = -815*q - 548. Give d(-1).
267
Let v(s) = 2192*s - 31782. What is v(15)?
1098
Let v(t) = t**3 + 9*t**2 - 511*t - 3985. What is v(-8)?
167
Let b(u) = -2*u**3 + 15*u**2 - 13*u - 5. What is b(1)?
-5
Let f(a) = -a**2 + 79*a + 281. Calculate f(-7).
-321
Let z(x) = 368*x**2 - 28704*x + 7. What is z(78)?
7
Let g(b) = 10*b**2 - 2023*b + 23358. Give g(190).
-12
Let p(g) = -g**3 - 96*g**2 + 297*g + 818. Calculate p(-99).
818
Let a(f) = 4*f**2 + 1353*f + 98106. What is a(-233)?
13
Let r(y) = -41*y**3 + 1124*y**2 - 7578*y - 77. Calculate r(12).
-5
Let p(u) = -5503*u + 500835. What is p(91)?
62
Let v(o) = 1291*o - 3861. Give v(3).
12
Let z(d) = -24*d**2 + 22*d - 54. Calculate z(2).
-106
Let y(p) = -3*p**2 + 2910*p - 5811. What is y(2)?
-3
Let d(l) = -21*l**3 + l**2 + 120*l - 225. What is d(2)?
-149
Let u(n) = 18*n**2 + 16*n - 201. Calculate u(9).
1401
Let q(u) = 2*u**3 - 220*u**2 + 428*u + 563. Determine q(108).
131
Let k(d) = -d**3 - 421*d**2 - 328*d + 38652. Calculate k(-420).
12
Let u(y) = 2599*y - 452235. Give u(174).
-9
Let y(j) = 3806*j + 11319. Give y(-3).
-99
Let i(g) = 78*g**2 - 1642*g + 844. Give i(21).
760
Let b(w) = -w**3 - 166*w**2 + 2711*w - 734. Determine b(-181).
-10
Let c(w) = -100*w**3 + 65*w**2 + 137*w + 20. What is c(-2)?
806
Let z(i) = -86*i**3 + 12213*i**2 - 144*i + 281. Give z(142).
-3
Let q(h) = -830*h - 808. Calculate q(-1).
22
Let k(b) = 243*b - 8685. Give k(36).
63
Let a(i) = i**2 - 1074*i - 7578. Give a(-7).
-11
Let y(w) = -w**3 + 30*w**2 - 308*w + 2175. What is y(20)?
15
Let z(l) = -16*l**3 - 125*l**2 + 130*l - 2. Give z(1).
-13
Let j(p) = 2*p**2 + 43005*p - 645511. Calculate j(15).
14
Let h(g) = -2*g**3 + 138*g**2 - 272*g + 318. What is h(67)?
50
Let o(z) = 12*z**2 - 380*z - 15390. Give o(55).
10
Let f(o) = 34417*o - 550674. Give f(16).
-2
Let c(a) = 11*a**3 - 6*a**2 - 18*a - 8. Give c(-5).
-1443
Let r(i) = -i**3 - 132*i**2 - 105*i + 36311. Determine r(-129).
-67
Let i(o) = -o**2 + 12036*o + 2996317. Determine i(-244).
-3
Let l(z) = -254*z - 54614. Give l(-215).
-4
Let f(i) = -140*i + 9435. Give f(70).
-365
Let f(b) = -678*b + 141853. Determine f(203).
4219
Let u(o) = 33*o + 1401. What is u(-36)?
213
Let r(u) = -5*u**2 - 953*u - 14081. Calculate r(-15).
-911
Let b(u) = -192*u**2 - 43*u + 17. What is b(2)?
-837
Let q(p) = 126444*p - 632189. Calculate q(5).
31
Let i(g) = -4*g**3 - 400*g**2 + 4*g + 460. Calculate i(-100).
60
Let r(t) = -6*t**2 - 23633*t - 94444. What is r(-4)?
-8
Let r(c) = 288*c + 822. Give r(-3).
-42
Let d(n) = 2*n**3 - 16*n**2 - 239*n - 443. What is d(-6)?
-17
Let x(d) = -10*d**3 - d**2 - 12*d + 68. Determine x(3).
-247
Let v(n) = 2*n**2 - 209*n - 9415. What is v(-34)?
3
Let r(c) = 14*c**2 + 2426*c + 3086. Give r(-172).
-10
Let f(m) = m**3 - 84*m**2 + 552*m - 1097. What is f(77)?
-96
Let o(w) = w**3 + 20*w**2 - 175*w - 3590. Determine o(-18).
208
Let l(i) = -i**2 + 201*i + 23529. What is l(-82)?
323
Let f(x) = 5*x**3 + 243*x**2 - 1762*x - 138. Calculate f(-55).
-28
Let b(d) = 50*d + 285. Calculate b(-7).
-65
Let n(s) = 5*s + 371. What is n(-69)?
26
Let t(i) = 7*i**2 + 654*i + 1246. Give t(-90).
-914
Let c(q) = -195*q - 23948. Calculate c(-93).
-5813
Let q(n) = 137*n**2 - 69*n + 69. Give q(1).
137
Let j(d) = 11*d**2 + 3767*d + 11303. What is j(-3)?
101
Let i(l) = -272*l**2 + 61476*l - 778. Determine i(226).
126
Let p(y) = 318*y + 54445. Calculate p(-171).
67
Let d(k) = 4*k**2 + 199*k - 5275. Determine d(-69).
38
Let o(i) = -11271*i**2 - 169066*i + 14. What is o(-15)?
29
Let s(o) = o**2 + 343*o - 18316. Give s(47).
14
Let k(y) = 124*y + 5703. Give k(-52).
-745
Let y(o) = -o**2 + 42*o + 3598. Give y(-32).
1230
Let q(n) = -49422*n - 296533. What is q(-6)?
-1
Let h(g) = -10*g**3 - 48*g**2 + 115*g + 1039. Determine h(-9).
3406
Let m(s) = -2345*s - 4638. Calculate m(-2).
52
Let l(f) = 802*f**2 + 22457*f + 39. What is l(-28)?
11
Let l(k) = 52*k**3 - 359*k**2 - 26*k - 74. Calculate l(7).
-11
Let a(u) = 99*u**3 - 24*u**2 + 24*u - 1. Give a(1).
98
Let y(w) = 158*w**2 + 2696*w + 196. Calculate y(-17).
26
Let q(f) = 7356*f - 88217. What is q(12)?
55
Let z(h) = 7*h**2 - 775*h - 5440. Calculate z(117).
-292
Let w(k) = 2*k**3 + 3*k**2 - 6*k + 375. Calculate w(0).
375
Let l(g) = -2*g**3 - 29*g**2 - 26*g - 199. Calculate l(-12).
-607
Let a(v) = 328420*v + 2627370. Determine a(-8).
10
Let l(q) = -2*q**2 - 2862913*q + 11451681. What is l(4)?
-3
Let l(j) = -6*j**2 + 3089*j + 67502. What is l(-22)?
-3360
Let l(r) = 7*r**3 - 123*r**2 + 46*r - 1883. Calculate l(18).
-83
Let g(j) = -j**2 + 745*j + 2224. What is g(-3)?
-20
Let f(d) = 469*d**2 - 10325*d + 95. What is f(22)?
-59
Let l(h) = -18*h**2 - 6281*h - 12145. Determine l(-347).
0
Let v(h) = -h**3 + 25*h**2 + 233*h - 4684. Determine v(12).
-16
Let z(m) = 90*m + 7895. Calculate z(-91).
-295
Let n(l) = -l**2 + 7778*l + 31231. Determine n(-4).
103
Let s(b) = 504*b + 28669. Calculate s(-57).
-59
Let n(w) = 38226*w + 611567. Calculate n(-16).
-49
Let y(b) = -31*b**2 + 1477*b - 14608. What is y(14)?
-6
Let v(n) = 232*n - 10329. Calculate v(44).
-121
Let r(b) = -7*b**2 + 202*b + 154. What is r(9)?
1405
Let k(c) = 3*c**3 - 41*c**2 + c - 16. Determine k(13).
-341
Let f(i) = i**3 - 53*i**2 + 574*i - 168. What is f(38)?
-16
Let r(n) = -n**3 - 75*n**2 + n + 486. What is r(-75)?
411
Let y(c) = 157*c**3 - 6584*c**2 - 414*c - 276. Determine y(42).
-24
Let k(i) = -12*i**3 + 3*i**2 - 38*i - 230. What is k(-5)?
1535
Let d(u) = u**3 - 470*u**2 + 3740*u - 20218. Give d(462).
110
Let s(c) = -c**3 - 374*c**2 + 3092*c - 193. Determine s(8).
95
Let y(p) = -2*p**3 + 240*p**2 - 1355*p + 568. What is y(114)?
2050
Let v(s) = 17*s + 817. Calculate v(-42).
103
Let f(j) = j**2 - 9370*j + 8619387. Give f(1034).
-37
Let n(g) = -36014*g**2 - 324095*g + 288. Calculate n(-9).
9
Let t(x) = 74*x**2 - 15*x - 1051. What is t(0)?
-1051
Let m(y) = -2*y**2 - 52740*y - 2842093. Calculate m(-54).
35
Let p(r) = 3*r**2 - 99*r - 19185. What is p(96)?
-1041
Let k(h) = -41*h**2 - 1032*h + 14105. Determine k(-35).
0
Let k(b) = 6*b**3 + 63*b**2 - 7*b + 265. What is k(-11)?
-21
Let k(h) = -1227*h - 134972. Calculate k(-110).
-2
Let n(p) = -2050*p - 176397. Give n(-86).
-97
Let x(w) = -11*w**3 - 54*w**2 + 120*w - 14. Determine x(2).
-78
Let q(b) = -36*b**2 - 709*b + 111. Calculate q(-15).
2646
Let h(w) = -402328*w + 3218618. What is h(8)?
-6
Let y(b) = -54*b + 795. Give y(19).
-231
Let z(m) = 3912*m + 113419. Calculate z(-29).
-29
Let u(n) = n**3 - 51*n**2 + 209*n + 193. Give u(46).
-773
Let j(l) = -43*l**2 + 179*l + 541. What is j(-3)?
-383
Let a(t) = 7*t**2 + 626*t + 1547. Calculate a(-87).
68
Let v